4. Let h be 84/20 + (-3)/15. Let i(x) = -x + h + 7 - 6 + 3. What is i(k)?
8
Suppose 0 = 37*s - 45*s - 96. Let n(k) = 3*k + 29. Determine n(s).
-7
Let p(s) be the first derivative of s**5/24 - s**4/24 - 8*s**3/3 + 26. Let h(u) be the third derivative of p(u). What is h(1)?
4
Let h(d) = -79 + 160 - 80 - 9*d**2. Determine h(-1).
-8
Let l(v) be the third derivative of v**6/120 + v**5/15 - 7*v**4/24 - 7*v**3/6 - 74*v**2. What is l(-5)?
3
Let y(b) = -2 + 27*b**2 + 4 - 28*b**2 + 4*b. Determine y(5).
-3
Let d(x) = -5*x. Let m(f) = 12*f. Let s(b) = 7*d(b) + 3*m(b). Give s(5).
5
Let p(m) = -10*m**2 - m - 2. Suppose -3*r + 3*g = -g + 14, -2*g = -10. Give p(r).
-44
Let o(m) = 5*m**2 - 1 - 7*m**3 + 4*m**3 - 3*m + 2*m**3. Suppose -3*c + 11 = -2*s, c = -2*s - 0*s - 31. Let g = s - -17. Give o(g).
3
Let f(b) = -2*b**2 - 6*b. Suppose -5 - 5 = 2*t. Let q = -9 - t. Calculate f(q).
-8
Let c(m) = -16*m**2 - 9*m + 10. Let a be c(1). Let w(x) = x + 16. What is w(a)?
1
Let g(n) be the second derivative of n**5/20 - n**4/2 + n**3/6 + 569*n. Give g(4).
-28
Let o(r) = -164*r + r**3 + 18 + 0*r**3 + 166*r + 12*r**2. Give o(-12).
-6
Let s(d) = -2*d**2 + 11*d - 4. Let p(f) = -f**3 + 4*f**2 + 8*f - 11. Let j be p(5). Let i(x) = 3*x**2 - 12*x + 5. Let v(n) = j*s(n) + 3*i(n). Determine v(-7).
-8
Let v be -8 + (-156)/(-20) - 2/(-10). Let b(g) be the second derivative of -1/12*g**4 - 4*g + v - g**2 - 5/6*g**3. Determine b(-3).
4
Let s(m) = -m - 3*m + 8 + 3*m + 0*m. Let h be s(6). Let o(n) = n**3 + 0*n**h + n**2 - 4*n - 4*n**2 + 3. Calculate o(4).
3
Let d be 6/4*48/54*-3. Let n(z) = -z**2 - 6*z - 7. What is n(d)?
1
Let y(d) be the second derivative of d**5/20 + d**4/2 + d**3 + 2*d**2 + 2*d + 53. Calculate y(-4).
12
Let z(i) = -2*i**2 - 6*i - 4. Suppose -78*p + 70*p - 32 = 0. Calculate z(p).
-12
Let u be (-12)/(-2)*(-2 - -6). Let v = 30 - u. Let y(r) = r**2 - 3*r - 2. What is y(v)?
16
Let j = 5 - 6. Let f be ((-2)/1 + 2)/j. Let u(w) = -6 + f*w + 2*w - w + 0*w. Give u(0).
-6
Let d = 6 + -6. Let t = d - 3. Let c(r) = 47*r + 32*r - 80*r. Give c(t).
3
Let j(h) = -h**3 + 5*h**2 - 3*h - 4. Let k(a) = a**2 + 10*a - 15. Let b(u) = 4*u + 5. Let t be b(-4). Let p be k(t). Let s = p + 8. What is j(s)?
0
Let p(t) = -t**3 + 12*t**2 - 13*t - 4. Let a be 3/(-4)*(-8536)/582. Calculate p(a).
-26
Suppose -4*d = -2*q, 5*d - 28 = -q - 0*d. Let g(c) = 2 - 5*c**2 + q*c + 10*c**2 - 6*c**2 - 12. Let j be (-51)/(-7) + 22/(-77). Give g(j).
-3
Let z(b) = 3*b + 3. Let n be z(-3). Let k(u) = u**2 + 4*u - 1. Let o be k(-5). Let c(w) = 4 + 6*w + 0 + 0 - o*w. Determine c(n).
-8
Let h = 10 + -6. Suppose 5*x - 6*r = -2*r, 2*r + 6 = h*x. Suppose 2*l = -5*j - 33, 5*l + j + x + 21 = 0. Let w(n) = n + 3. What is w(l)?
-1
Let b be (-3 + 2)/(1/(-7)). Suppose -4*f + b*f + 12 = 0. Let s(y) = -1 + 0 + 3 + 2 + 2*y. Calculate s(f).
-4
Let n(r) be the third derivative of r**5/60 + r**4/3 + 3*r**3/2 - 173*r**2. Give n(-7).
2
Let o(z) = 2*z**2 + 5*z + 3. Let t(a) = a**2 - 13*a - 118. Let d be t(19). Give o(d).
15
Let w(b) = -2*b**2 - 31*b + 8. Let q(y) = y**2 + 16*y - 4. Let j(x) = 7*q(x) + 4*w(x). Determine j(-11).
15
Let n(c) = -7*c**2 + 1. Suppose 4*k + 21 = x - 3, -5*k = x + 21. Suppose x*w - 42 = 26. Suppose -5*b - 3*m = -w, -5*m + 12 = -4*b - m. Determine n(b).
-6
Let q(p) be the second derivative of 0 - 1/6*p**3 - 14*p + 1/2*p**2. Determine q(2).
-1
Let d(k) = 2*k**2. Let x(b) = b**2 + b + 1. Let j(s) = -d(s) - x(s). Determine j(-2).
-11
Let u = 2104 - 2099. Let l(j) be the third derivative of j**5/60 - 5*j**4/24 - j**3/2 + 2*j**2. Determine l(u).
-3
Let s = -229 - -232. Let d(f) = f**3 - 5*f**2 + 4*f - 2. Calculate d(s).
-8
Let n(k) = k**3 - 13*k**2 + k - 5. Let a be n(13). Let o(g) = -2*g - 6. What is o(a)?
-22
Let l(v) = 9*v - 6. Let n be 5 + (-5 - 2 - -6). Give l(n).
30
Let z(y) = 2*y + 4. Suppose 1192*q - 84 = 1185*q. Determine z(q).
28
Let y be (-1)/((-15)/(-25) - 4/(-10)). Let s(b) = -10*b**3. Determine s(y).
10
Let m(o) = 7*o**2 + o. Let n(p) = p**2 - 11*p - 1. Let q(c) = -c**2 - 6*c - 6. Let x be q(-10). Let j be (1 + 1)*(-253)/x. Let t be n(j). Give m(t).
6
Let a(f) be the third derivative of f**5/60 - 7*f**4/24 - f**3/6 - f**2 + 76. Give a(7).
-1
Let l(m) = -63 - 4*m + 78 + 3*m. What is l(0)?
15
Let j be (9230/(-60))/13 - -12. Let i(n) be the second derivative of -9*n + 0 - 1/20*n**5 - 1/2*n**2 + j*n**3 - 1/6*n**4. Give i(-3).
5
Let r(u) be the third derivative of -u**4/24 + 7*u**3/3 + 82*u**2. Calculate r(18).
-4
Let t(j) = j - 7. Suppose 3*d + 6*c = 11*c + 18, 18 = 3*d - 4*c. Calculate t(d).
-1
Let j = 33 + -39. Let m(c) = -3*c + 8 + c - 3. Calculate m(j).
17
Let p(y) = -4*y + 1. Let z(g) = -16*g + 2. Let j(t) = 3*p(t) - z(t). What is j(1)?
5
Let a(b) = -b**3 - 5*b**2 + 6*b - 6. Let t be 36/126 + (-2 - 30/7). Calculate a(t).
-6
Let l(d) be the second derivative of -5/2*d**2 + 13*d - 1/6*d**3 + 1 + 1/12*d**4. Let c = 0 + 4. Give l(c).
7
Let s(r) = -2*r + r - 7 + 0 + 6*r. Let h be s(7). Let f = h + -22. Let b(w) = -w**3 + 7*w**2 - 4*w - 8. Calculate b(f).
4
Let c(r) = -r**3 + 7*r**2 - 9*r + 13. Let d = -17 - -23. Let y be c(d). Let z(x) = -4*x + 1. Let l(a) = -3*a + 1. Let v(p) = 5*l(p) - 4*z(p). Give v(y).
-4
Suppose -7*y + 2*y + 135 = 0. Let x = y + -23. Suppose n = -x*i + 12, 7*i = -2*n + 3*i + 16. Let m(u) = -u**3 + 5*u**2 - 3*u + 3. What is m(n)?
7
Let m(r) = r**3 + 8*r**2 + 6*r - 4. Suppose x = 5*d + 3, 3*x - 14*d + 13 = -10*d. What is m(x)?
3
Let o(z) = -z**2 - 10*z - 7. Let h(n) = -n - 3. Let k be h(6). Let w be o(k). Let i(l) be the second derivative of -l**3/6 - l**2/2 - 14*l. Calculate i(w).
-3
Let f = 418 - 412. Let r(x) = x**3 - 3*x + 3*x + x + x**2. Let q(k) = 7*k**3 + k**2 + 6. Let l(c) = -q(c) + 6*r(c). Give l(f).
-6
Let p = 0 + 21. Let u(i) = 13 - 13 + 6*i - p - 4*i. Let c be u(8). Let x(n) = n**2 + 5*n + 2. Calculate x(c).
2
Suppose -59*u = -43*u + 96. Let l(s) = -s**3 - 6*s**2 - 7. Determine l(u).
-7
Let a(g) = g**3 - g**2 - 4*g - 1. Let p be a(3). Suppose -p*v - 23 = y, 2*v = 3*y - v - 3. Let w(x) = x + 2. What is w(y)?
-1
Let b be (5 - -4) + 1*-3. Let m(h) = b*h - 3 + 8*h**2 + 5*h**2 - 3*h + h**3 - 6*h**2. Suppose 9*y = s + 4*y + 11, 0 = s - y + 7. What is m(s)?
15
Let w(t) = 3*t**3 + t**2 - 1. Suppose 0 = -5*u + 15, 2*u + 8 - 10 = 4*p. Determine w(p).
3
Let q(s) = -5*s**3 + 6*s**2 + 7*s - 1. Let x(r) = 4*r**3 - 6*r**2 - 6*r + 2. Let v(a) = 3*q(a) + 4*x(a). What is v(6)?
-13
Let z(v) = 2*v**3 - v**2 + 1. Let i(l) = -l**3 - 5*l**2 + 5*l - 8. Let d be i(-6). Let q be (5 + -10)*d/(-10). Give z(q).
-2
Let b(q) = -5*q**2 - 7*q + 6. Let f(r) = -28*r**2 - 36*r + 29. Let x(a) = 11*b(a) - 2*f(a). Calculate x(7).
22
Let k be (3 - (-30)/(-9))*-51. Let d(m) = 6 - 23*m**2 - 1 - 2*m + k*m**2 - m**3. Calculate d(-5).
-10
Let r(f) = 0 + f + 194*f**2 + 202*f**2 + 195*f**2 + 4 - 589*f**2. What is r(3)?
25
Let i(k) = -k**3 + 4*k**2 + 2*k - 6. Let g be i(4). Let s be (-8)/(-3)*(1 + g). Let j(x) = s*x + 0 - 3*x - 3 - 4*x. Give j(2).
-1
Let l(m) = 2 + 42*m**2 + m**3 - 6*m + 2*m - 40*m**2. Give l(-3).
5
Let m(o) = 4*o**2 - 2. Let u = 1013 - 1015. Determine m(u).
14
Let u(y) = 2*y - 7. Let t be u(4). Let i(h) be the second derivative of -5*h**3/6 + h**2/2 - 18*h. What is i(t)?
-4
Suppose p + 3 = -2*d, 3*p + 2 = 2*d + 1. Let q(i) be the second derivative of -i + 1/6*i**3 - 1/12*i**4 + 0*i**2 + 0. Calculate q(p).
-2
Suppose 16 = 5*t + 2*l - 3*l, 36 = 5*t + 4*l. Let q be (6 + -5)/((-2)/t). Let g(k) = k**3 - k**2 + 3*k + 2. Calculate g(q).
-16
Let q(d) = 13*d + 2. Suppose 7*w = 2*w - 25. Let u(r) = -9*r - 12. Let a(i) = 5*i + 5. Let k(s) = 5*a(s) + 2*u(s). Let c(l) = w*k(l) + 3*q(l). Calculate c(1).
5
Let o(j) be the third derivative of -j**6/120 + 7*j**5/60 + j**4/3 + j**3/6 - 39*j**2. Let t(z) = 2. Let y(d) = -o(d) + 2*t(d). What is y(8)?
3
Let w(p) = 3*p**2 + 7*p - 4*p**2 - 3*p**3 - 4*p**2 + 3 + 2*p**3. Let g = 1 + 5. Let m(d) = -d. Let h be m(g). What is w(h)?
-3
Let c(t) be the second derivative of -t**4/12 + 5*t**3/3 + t**2/2 - 63*t. Calculate c(5).
26
Let n(d) = d**2 - 6*d + 5. Let j = -456 + 462. Determine n(j).
5
Let k(w) = -5*w**3 + 6*w**2 - 2. Let x(s) = -s**3. Let o(i) = -k(i) + 6*x(i). Let p(j) = -j**2 - 6. Let n be p(0). Determine o(n).
2
Let t(b) = -b**2 - 2*b - 1. Suppose 9*s + 0*s = -567. Let h 